{"id":242,"date":"2016-08-30T22:49:28","date_gmt":"2016-08-30T20:49:28","guid":{"rendered":"https:\/\/iesjaroso.wordpress.com\/?page_id=242"},"modified":"2020-06-16T14:48:58","modified_gmt":"2020-06-16T12:48:58","slug":"musica","status":"publish","type":"page","link":"https:\/\/iesjaroso.es\/?page_id=242","title":{"rendered":"M\u00fasica"},"content":{"rendered":"\t\t<div data-elementor-type=\"wp-page\" data-elementor-id=\"242\" class=\"elementor elementor-242\">\n\t\t\t\t\t\t<section class=\"elementor-section elementor-top-section elementor-element elementor-element-712cc03 elementor-section-boxed elementor-section-height-default elementor-section-height-default\" data-id=\"712cc03\" data-element_type=\"section\" data-e-type=\"section\">\n\t\t\t\t\t\t<div class=\"elementor-container elementor-column-gap-default\">\n\t\t\t\t\t<div class=\"elementor-column elementor-col-100 elementor-top-column elementor-element elementor-element-247c33b\" data-id=\"247c33b\" data-element_type=\"column\" data-e-type=\"column\">\n\t\t\t<div class=\"elementor-widget-wrap elementor-element-populated\">\n\t\t\t\t\t\t<div class=\"elementor-element elementor-element-30f78a0 elementor-widget elementor-widget-image\" data-id=\"30f78a0\" data-element_type=\"widget\" data-e-type=\"widget\" data-widget_type=\"image.default\">\n\t\t\t\t<div class=\"elementor-widget-container\">\n\t\t\t\t\t\t\t\t\t\t\t\t\t\t\t<img fetchpriority=\"high\" decoding=\"async\" width=\"640\" height=\"478\" src=\"https:\/\/iesjaroso.es\/wp-content\/uploads\/IMG_0743.jpg\" class=\"attachment-large size-large wp-image-1871\" alt=\"\" srcset=\"https:\/\/iesjaroso.es\/wp-content\/uploads\/IMG_0743.jpg 750w, https:\/\/iesjaroso.es\/wp-content\/uploads\/IMG_0743-300x224.jpg 300w, https:\/\/iesjaroso.es\/wp-content\/uploads\/IMG_0743-362x270.jpg 362w\" sizes=\"(max-width: 640px) 100vw, 640px\" \/>\t\t\t\t\t\t\t\t\t\t\t\t\t\t\t<\/div>\n\t\t\t\t<\/div>\n\t\t\t\t\t<\/div>\n\t\t<\/div>\n\t\t\t\t\t<\/div>\n\t\t<\/section>\n\t\t\t\t<section class=\"elementor-section elementor-top-section elementor-element elementor-element-1afe79a elementor-section-boxed elementor-section-height-default elementor-section-height-default\" data-id=\"1afe79a\" data-element_type=\"section\" data-e-type=\"section\">\n\t\t\t\t\t\t<div class=\"elementor-container elementor-column-gap-default\">\n\t\t\t\t\t<div class=\"elementor-column elementor-col-100 elementor-top-column elementor-element elementor-element-48e9e79\" data-id=\"48e9e79\" data-element_type=\"column\" data-e-type=\"column\">\n\t\t\t<div class=\"elementor-widget-wrap elementor-element-populated\">\n\t\t\t\t\t\t<div class=\"elementor-element elementor-element-bdb3250 elementor-widget elementor-widget-text-editor\" data-id=\"bdb3250\" data-element_type=\"widget\" data-e-type=\"widget\" data-widget_type=\"text-editor.default\">\n\t\t\t\t<div class=\"elementor-widget-container\">\n\t\t\t\t\t\t\t\t\t<p><strong>M\u00daSICA<\/strong> es una materia del bloque de asignaturas espec\u00edficas para primer y segundo ciclo de la E.S.O., ofert\u00e1ndose en 1\u00ba, 2\u00ba y 4\u00ba en el bloque de asignaturas espec\u00edficas obligatorias y en 3\u00ba en el bloque de asignaturas de libre configuraci\u00f3n auton\u00f3mica, plante\u00e1ndose \u00e9sta \u00faltima en nuestro centro desde un punto de vista totalmente pr\u00e1ctico (Taller de Expresi\u00f3n Musical y Corporal).<\/p><ul><li><a href=\"http:\/\/iesjaroso.es\/wp-content\/uploads\/PROGRAMACI\u00d3N-M\u00fasica-1\u00ba-y-2\u00ba-ESO-2019_20.doc\" target=\"_blank\" rel=\"noopener\">Programaci\u00f3n M\u00fasica 1\u00ba y 2\u00ba ESO 2019_20<\/a><\/li><li><a href=\"http:\/\/iesjaroso.es\/wp-content\/uploads\/PROGRAMACI\u00d3N-M\u00fasica-4\u00ba-ESO-2019_20.doc\" target=\"_blank\" rel=\"noopener\">Programaci\u00f3n M\u00fasica 4\u00ba ESO 2019_20<\/a><\/li><li><a href=\"http:\/\/iesjaroso.es\/wp-content\/uploads\/Programaci\u00f3n-de-EXPRESI\u00d3N-MUSICAL-y-CORPORAL.doc\" target=\"_blank\" rel=\"noopener\">Programaci\u00f3n de EXPRESI\u00d3N MUSICAL y CORPORAL<\/a><\/li><\/ul>\t\t\t\t\t\t\t\t<\/div>\n\t\t\t\t<\/div>\n\t\t\t\t\t<\/div>\n\t\t<\/div>\n\t\t\t\t\t<\/div>\n\t\t<\/section>\n\t\t\t\t<\/div>\n\t\t","protected":false},"excerpt":{"rendered":"<p>M\u00daSICA es una materia del bloque de asignaturas espec\u00edficas para primer y segundo ciclo de la E.S.O., ofert\u00e1ndose en 1\u00ba, 2\u00ba y 4\u00ba en el bloque de asignaturas espec\u00edficas obligatorias y en 3\u00ba en el bloque de asignaturas de libre configuraci\u00f3n auton\u00f3mica, plante\u00e1ndose \u00e9sta \u00faltima en nuestro centro desde un punto de vista totalmente pr\u00e1ctico [&hellip;]<\/p>\n","protected":false},"author":2,"featured_media":0,"parent":0,"menu_order":0,"comment_status":"closed","ping_status":"closed","template":"","meta":{"footnotes":""},"class_list":["post-242","page","type-page","status-publish","hentry"],"_links":{"self":[{"href":"https:\/\/iesjaroso.es\/index.php?rest_route=\/wp\/v2\/pages\/242","targetHints":{"allow":["GET"]}}],"collection":[{"href":"https:\/\/iesjaroso.es\/index.php?rest_route=\/wp\/v2\/pages"}],"about":[{"href":"https:\/\/iesjaroso.es\/index.php?rest_route=\/wp\/v2\/types\/page"}],"author":[{"embeddable":true,"href":"https:\/\/iesjaroso.es\/index.php?rest_route=\/wp\/v2\/users\/2"}],"replies":[{"embeddable":true,"href":"https:\/\/iesjaroso.es\/index.php?rest_route=%2Fwp%2Fv2%2Fcomments&post=242"}],"version-history":[{"count":8,"href":"https:\/\/iesjaroso.es\/index.php?rest_route=\/wp\/v2\/pages\/242\/revisions"}],"predecessor-version":[{"id":2156,"href":"https:\/\/iesjaroso.es\/index.php?rest_route=\/wp\/v2\/pages\/242\/revisions\/2156"}],"wp:attachment":[{"href":"https:\/\/iesjaroso.es\/index.php?rest_route=%2Fwp%2Fv2%2Fmedia&parent=242"}],"curies":[{"name":"wp","href":"https:\/\/api.w.org\/{rel}","templated":true}]}}