{"id":249,"date":"2016-08-30T22:53:07","date_gmt":"2016-08-30T20:53:07","guid":{"rendered":"https:\/\/iesjaroso.wordpress.com\/personal\/turismo\/"},"modified":"2020-02-04T10:39:52","modified_gmt":"2020-02-04T08:39:52","slug":"hosteleria-y-turismo","status":"publish","type":"page","link":"https:\/\/iesjaroso.es\/?page_id=249","title":{"rendered":"Hosteler\u00eda y Turismo"},"content":{"rendered":"\t\t<div data-elementor-type=\"wp-page\" data-elementor-id=\"249\" class=\"elementor elementor-249\">\n\t\t\t\t\t\t<section class=\"elementor-section elementor-top-section elementor-element elementor-element-ba28f3b elementor-section-boxed elementor-section-height-default elementor-section-height-default\" data-id=\"ba28f3b\" data-element_type=\"section\" data-e-type=\"section\">\n\t\t\t\t\t\t<div class=\"elementor-container elementor-column-gap-default\">\n\t\t\t\t\t<div class=\"elementor-column elementor-col-100 elementor-top-column elementor-element elementor-element-7ef2a48\" data-id=\"7ef2a48\" data-element_type=\"column\" data-e-type=\"column\">\n\t\t\t<div class=\"elementor-widget-wrap elementor-element-populated\">\n\t\t\t\t\t\t<div class=\"elementor-element elementor-element-e263033 elementor-widget elementor-widget-text-editor\" data-id=\"e263033\" data-element_type=\"widget\" data-e-type=\"widget\" data-widget_type=\"text-editor.default\">\n\t\t\t\t<div class=\"elementor-widget-container\">\n\t\t\t\t\t\t\t\t\t<h4 style=\"text-align: center;\"><strong>CICLO FORMATIVO DE GRADO SUPERIOR GU\u00cdA, <\/strong><\/h4><h4 style=\"text-align: center;\"><strong>INFORMACI\u00d3N Y ASISTENCIAS TUR\u00cdSTICAS.<\/strong><\/h4><p>Dos cursos acad\u00e9micos, t\u00edtulo de t\u00e9cnico superior, m\u00faltiples salidas profesionales, pr\u00e1cticas en empresas y organismos p\u00fablicos en Espa\u00f1a y Europa, idiomas, viajes y excursiones nacionales e internacionales, una opci\u00f3n de futuro para trabajar, emprender o proseguir con estudios universitarios.<\/p><p><strong>SALIDAS PROFESIONALES:<\/strong> gu\u00eda tur\u00edstico, oficinas de turismo, ferias y congresos, aeropuertos, hoteles, agencias de viajes, agencias de receptivo, eventos y relaciones p\u00fablicas, ayuntamientos&#8230;<\/p>\t\t\t\t\t\t\t\t<\/div>\n\t\t\t\t<\/div>\n\t\t\t\t\t<\/div>\n\t\t<\/div>\n\t\t\t\t\t<\/div>\n\t\t<\/section>\n\t\t\t\t<section class=\"elementor-section elementor-top-section elementor-element elementor-element-8c31107 elementor-section-boxed elementor-section-height-default elementor-section-height-default\" data-id=\"8c31107\" data-element_type=\"section\" data-e-type=\"section\">\n\t\t\t\t\t\t<div class=\"elementor-container elementor-column-gap-default\">\n\t\t\t\t\t<div class=\"elementor-column elementor-col-100 elementor-top-column elementor-element elementor-element-f75e64a\" data-id=\"f75e64a\" data-element_type=\"column\" data-e-type=\"column\">\n\t\t\t<div class=\"elementor-widget-wrap elementor-element-populated\">\n\t\t\t\t\t\t<div class=\"elementor-element elementor-element-3e12066 elementor-widget elementor-widget-text-editor\" data-id=\"3e12066\" data-element_type=\"widget\" data-e-type=\"widget\" data-widget_type=\"text-editor.default\">\n\t\t\t\t<div class=\"elementor-widget-container\">\n\t\t\t\t\t\t\t\t\t<p style=\"text-align: center;\"><img fetchpriority=\"high\" decoding=\"async\" class=\"alignnone size-medium wp-image-1781\" src=\"http:\/\/iesjaroso.es\/clon1\/wp-content\/uploads\/belmontewebdefi-300x169.jpg\" alt=\"\" width=\"300\" height=\"169\" srcset=\"https:\/\/iesjaroso.es\/wp-content\/uploads\/belmontewebdefi-300x169.jpg 300w, https:\/\/iesjaroso.es\/wp-content\/uploads\/belmontewebdefi-1024x576.jpg 1024w, https:\/\/iesjaroso.es\/wp-content\/uploads\/belmontewebdefi-768x432.jpg 768w, https:\/\/iesjaroso.es\/wp-content\/uploads\/belmontewebdefi-1536x864.jpg 1536w, https:\/\/iesjaroso.es\/wp-content\/uploads\/belmontewebdefi-2048x1152.jpg 2048w, https:\/\/iesjaroso.es\/wp-content\/uploads\/belmontewebdefi-480x270.jpg 480w\" sizes=\"(max-width: 300px) 100vw, 300px\" \/> <img decoding=\"async\" class=\"alignnone size-medium wp-image-1782\" src=\"http:\/\/iesjaroso.es\/clon1\/wp-content\/uploads\/macaelwebdefi-300x175.jpg\" alt=\"\" width=\"300\" height=\"175\" srcset=\"https:\/\/iesjaroso.es\/wp-content\/uploads\/macaelwebdefi-300x175.jpg 300w, https:\/\/iesjaroso.es\/wp-content\/uploads\/macaelwebdefi-1024x598.jpg 1024w, https:\/\/iesjaroso.es\/wp-content\/uploads\/macaelwebdefi-768x449.jpg 768w, https:\/\/iesjaroso.es\/wp-content\/uploads\/macaelwebdefi-1536x898.jpg 1536w, https:\/\/iesjaroso.es\/wp-content\/uploads\/macaelwebdefi-2048x1197.jpg 2048w, https:\/\/iesjaroso.es\/wp-content\/uploads\/macaelwebdefi-462x270.jpg 462w\" sizes=\"(max-width: 300px) 100vw, 300px\" \/> <img decoding=\"async\" class=\"alignnone size-medium wp-image-1783\" src=\"http:\/\/iesjaroso.es\/clon1\/wp-content\/uploads\/sienawebdefi-300x169.jpg\" alt=\"\" width=\"300\" height=\"169\" srcset=\"https:\/\/iesjaroso.es\/wp-content\/uploads\/sienawebdefi-300x169.jpg 300w, https:\/\/iesjaroso.es\/wp-content\/uploads\/sienawebdefi-1024x576.jpg 1024w, https:\/\/iesjaroso.es\/wp-content\/uploads\/sienawebdefi-768x432.jpg 768w, https:\/\/iesjaroso.es\/wp-content\/uploads\/sienawebdefi-1536x864.jpg 1536w, https:\/\/iesjaroso.es\/wp-content\/uploads\/sienawebdefi-2048x1152.jpg 2048w, https:\/\/iesjaroso.es\/wp-content\/uploads\/sienawebdefi-480x270.jpg 480w\" sizes=\"(max-width: 300px) 100vw, 300px\" \/><img loading=\"lazy\" decoding=\"async\" class=\"alignnone size-medium wp-image-1777\" src=\"http:\/\/iesjaroso.es\/clon1\/wp-content\/uploads\/48928909_441033599766359_7393973353263923200_o-300x225.jpg\" alt=\"\" width=\"300\" height=\"225\" srcset=\"https:\/\/iesjaroso.es\/wp-content\/uploads\/48928909_441033599766359_7393973353263923200_o-300x225.jpg 300w, https:\/\/iesjaroso.es\/wp-content\/uploads\/48928909_441033599766359_7393973353263923200_o-1024x768.jpg 1024w, https:\/\/iesjaroso.es\/wp-content\/uploads\/48928909_441033599766359_7393973353263923200_o-768x576.jpg 768w, https:\/\/iesjaroso.es\/wp-content\/uploads\/48928909_441033599766359_7393973353263923200_o-1536x1152.jpg 1536w, https:\/\/iesjaroso.es\/wp-content\/uploads\/48928909_441033599766359_7393973353263923200_o-360x270.jpg 360w, https:\/\/iesjaroso.es\/wp-content\/uploads\/48928909_441033599766359_7393973353263923200_o.jpg 2048w\" sizes=\"(max-width: 300px) 100vw, 300px\" \/> <img loading=\"lazy\" decoding=\"async\" class=\"alignnone size-medium wp-image-1776\" src=\"http:\/\/iesjaroso.es\/clon1\/wp-content\/uploads\/17103348_10210910217784602_476245016633779956_n-300x200.jpg\" alt=\"\" width=\"300\" height=\"200\" srcset=\"https:\/\/iesjaroso.es\/wp-content\/uploads\/17103348_10210910217784602_476245016633779956_n-300x200.jpg 300w, https:\/\/iesjaroso.es\/wp-content\/uploads\/17103348_10210910217784602_476245016633779956_n-768x512.jpg 768w, https:\/\/iesjaroso.es\/wp-content\/uploads\/17103348_10210910217784602_476245016633779956_n-405x270.jpg 405w, https:\/\/iesjaroso.es\/wp-content\/uploads\/17103348_10210910217784602_476245016633779956_n.jpg 960w\" sizes=\"(max-width: 300px) 100vw, 300px\" \/><\/p><p><strong>PRIMER CURSO:<\/strong> Estructura del Mercado Tur\u00edstico. Marketing Tur\u00edstico. Protocolo y Relaciones P\u00fablicas. Destinos Tur\u00edsticos. Recursos Tur\u00edsticos. Ingl\u00e9s. Formaci\u00f3n y Orientaci\u00f3n Laboral.<\/p><p><strong>SEGUNDO CURSO:<\/strong> Dise\u00f1o de Productos Tur\u00edsticos. Procesos de Gu\u00eda y Asistencia Tur\u00edstica. Servicios de Informaci\u00f3n Tur\u00edstica. Franc\u00e9s. Horas de Libre Configuraci\u00f3n. Empresa e Iniciativa Emprendedora. Proyecto de Gu\u00eda, Informaci\u00f3n y Asistencia Tur\u00edstica. Formaci\u00f3n en Centros de Trabajo.<\/p><p><strong>M\u00c1S INFORMACI\u00d3N:<\/strong> fp.iesjaroso.es\/turismo\/ S\u00cdGUENOS EN <strong><a href=\"https:\/\/es-es.facebook.com\/pages\/category\/Education\/Ciclo-de-Turismo-IES-Jaroso-Cuevas-del-Almanzora-390522291484157\/\" target=\"_blank\" rel=\"noopener\">FACEBOOK<\/a><\/strong>:<\/p>\t\t\t\t\t\t\t\t<\/div>\n\t\t\t\t<\/div>\n\t\t\t\t\t<\/div>\n\t\t<\/div>\n\t\t\t\t\t<\/div>\n\t\t<\/section>\n\t\t\t\t<\/div>\n\t\t","protected":false},"excerpt":{"rendered":"<p>CICLO FORMATIVO DE GRADO SUPERIOR GU\u00cdA, INFORMACI\u00d3N Y ASISTENCIAS TUR\u00cdSTICAS. Dos cursos acad\u00e9micos, t\u00edtulo de t\u00e9cnico superior, m\u00faltiples salidas profesionales, pr\u00e1cticas en empresas y organismos p\u00fablicos en Espa\u00f1a y Europa, idiomas, viajes y excursiones nacionales e internacionales, una opci\u00f3n de futuro para trabajar, emprender o proseguir con estudios universitarios. SALIDAS PROFESIONALES: gu\u00eda tur\u00edstico, oficinas de [&hellip;]<\/p>\n","protected":false},"author":2,"featured_media":0,"parent":0,"menu_order":0,"comment_status":"closed","ping_status":"closed","template":"","meta":{"footnotes":""},"class_list":["post-249","page","type-page","status-publish","hentry"],"_links":{"self":[{"href":"https:\/\/iesjaroso.es\/index.php?rest_route=\/wp\/v2\/pages\/249","targetHints":{"allow":["GET"]}}],"collection":[{"href":"https:\/\/iesjaroso.es\/index.php?rest_route=\/wp\/v2\/pages"}],"about":[{"href":"https:\/\/iesjaroso.es\/index.php?rest_route=\/wp\/v2\/types\/page"}],"author":[{"embeddable":true,"href":"https:\/\/iesjaroso.es\/index.php?rest_route=\/wp\/v2\/users\/2"}],"replies":[{"embeddable":true,"href":"https:\/\/iesjaroso.es\/index.php?rest_route=%2Fwp%2Fv2%2Fcomments&post=249"}],"version-history":[{"count":8,"href":"https:\/\/iesjaroso.es\/index.php?rest_route=\/wp\/v2\/pages\/249\/revisions"}],"predecessor-version":[{"id":1784,"href":"https:\/\/iesjaroso.es\/index.php?rest_route=\/wp\/v2\/pages\/249\/revisions\/1784"}],"wp:attachment":[{"href":"https:\/\/iesjaroso.es\/index.php?rest_route=%2Fwp%2Fv2%2Fmedia&parent=249"}],"curies":[{"name":"wp","href":"https:\/\/api.w.org\/{rel}","templated":true}]}}