{"id":366,"date":"2016-09-10T21:05:56","date_gmt":"2016-09-10T19:05:56","guid":{"rendered":"https:\/\/iesjaroso.wordpress.com\/personal\/orientacion\/"},"modified":"2021-04-28T11:32:19","modified_gmt":"2021-04-28T09:32:19","slug":"orientacion","status":"publish","type":"page","link":"https:\/\/iesjaroso.es\/?page_id=366","title":{"rendered":"Orientaci\u00f3n"},"content":{"rendered":"\n<figure class=\"wp-block-image size-large\"><img fetchpriority=\"high\" decoding=\"async\" width=\"1024\" height=\"489\" src=\"https:\/\/iesjaroso.es\/wp-content\/uploads\/Orientacion-1024x489.png\" alt=\"\" class=\"wp-image-2833\" srcset=\"https:\/\/iesjaroso.es\/wp-content\/uploads\/Orientacion-1024x489.png 1024w, https:\/\/iesjaroso.es\/wp-content\/uploads\/Orientacion-300x143.png 300w, https:\/\/iesjaroso.es\/wp-content\/uploads\/Orientacion-768x367.png 768w, https:\/\/iesjaroso.es\/wp-content\/uploads\/Orientacion-566x270.png 566w, https:\/\/iesjaroso.es\/wp-content\/uploads\/Orientacion.png 1033w\" sizes=\"(max-width: 1024px) 100vw, 1024px\" \/><\/figure>\n\n\n<p>La orientaci\u00f3n educativa es un puente entre el alumnado, el profesorado, las familias y la comunidad.<br \/>El departamento de orientaci\u00f3n desarrolla una serie de actuaciones que contribuye a la personalizaci\u00f3n de la educaci\u00f3n, prestando especial atenci\u00f3n al alumnado con necesidades espec\u00edficas de apoyo educativo, para ofrecerles un desarrollo \u00f3ptimo de sus capacidades.<br \/>Nuestro departamento:<\/p>\n<ul>\n<li>Contribuye a la mejora de la interacci\u00f3n de los integrantes de la comunidad educativa: alumnos, profesores y familias.<\/li>\n<li>Asesora y acompa\u00f1a al alumnado, profesorado y las familias a lo largo del proceso educativo.<\/li>\n<li>Promueve la mediaci\u00f3n escolar y mejora de la convivencia.<\/li>\n<li>Participa y colabora con los Planes del Centro.<\/li>\n<li>Desarrolla del POAT.<\/li>\n<li>Asesora a los diferentes miembros de la comunidad educativa en el \u00e1mbito de la Orientaci\u00f3n vocacional y profesional.<\/li>\n<li>Potencia H\u00e1bitos de Vida Saludable. Forma joven.<\/li>\n<li>Desarrollo de Programas de Mejora para Aprendizaje y el Rendimiento (PMAR).<\/li>\n<li>Atenci\u00f3n al diversidad.<\/li>\n<\/ul>\n<p><a href=\"_wp_link_placeholder\" data-wplink-edit=\"true\">http:\/\/www.juntadeandalucia.es\/educacion\/portals\/web\/ced\/orientacion-educativa<\/a><\/p>\n<p><strong>COMPOSICI\u00d3N Y FUNCIONES DEL DEPARTAMENTO DE ORIENTACI\u00d3N<\/strong><\/p>\n<p>Nuestro equipo est\u00e1 compuesto por:<\/p>\n<ul>\n<li>Dos orientadoras.<\/li>\n<li>Dos maestras de Pedagog\u00eda Terap\u00e9utica (P.T) que se encargan del Aula de Apoyo a la Integraci\u00f3n y del Aula Espec\u00edfica.<\/li>\n<li>Una profesora del Aula Temporal de Adaptaci\u00f3n Ling\u00fc\u00edstica (A.T.A.L).<\/li>\n<\/ul>\n\n\n<p><\/p>\n\n\n\n<p><strong>Plan de Orientaci\u00f3n Acad\u00e9mica y Profesional<\/strong><\/p>\n\n\n\n<p>Actuaciones para facilitar la toma de decisiones del alumnado a lo largo de su escolaridad respecto a su futuro acad\u00e9mico y profesional eligiendo entre los distintos caminos y alternativas.<\/p>\n\n\n\n<p><a href=\"https:\/\/blogsaverroes.juntadeandalucia.es\/orientacionalmeria\/category\/orientacion-vocacional\/\">Orientaci\u00f3n vocacional | Red provincial de Orientaci\u00f3n Educativa de Almer\u00eda (juntadeandalucia.es)<\/a>&nbsp;<\/p>\n\n\n\n<p><a href=\"https:\/\/drive.google.com\/file\/d\/1SVzctQzq72mU8xIMTqOHH-HV4w0FgeOZ\/view\">GUIA_OVP_20202021_ANDALUCIA_COMPLETA.pdf &#8211; Google Drive<\/a>\u00a0<\/p>\n\n\n\n<p><strong>FORMA JOVEN<\/strong><br><img decoding=\"async\" alt=\"75\" src=\"https:\/\/lh6.googleusercontent.com\/F4Qw137GfJQDkUMM9GePBJZRdWMnXUWLQMWOne0WomF7uWf4IYTHgp8kGSUq3e9_9s_7va9P0MEuH3rxbDu3_lpgYtnPpgUgOSnzVXOeKrtvRd-HEBeiR1jqJ-4PSe8hgIBGjhRi\" width=\"165\" height=\"110\"><\/p>\n\n\n\n<p>Es una estrategia que consiste en acercar actividades de promoci\u00f3n de la salud y prevenci\u00f3n de los riesgos asociados a la salud a los entornos donde conviven adolescentes y j\u00f3venes, para ayudarles a decidir en la elecci\u00f3n de las opciones m\u00e1s saludables en cuanto a los estilos de vida.&nbsp;<\/p>\n\n\n\n<p><a href=\"https:\/\/www.formajoven.org\/\">Forma Joven \u2013 Red profesional<\/a>&nbsp;<\/p>\n\n\n\n<p><a href=\"http:\/\/www.juntadeandalucia.es\/educacion\/webportal\/web\/vida-saludable\/programas\">H\u00e1bitos de vida saludable &#8211; Programa &#8211; Consejer\u00eda de Educaci\u00f3n (juntadeandalucia.es)<\/a>\u00a0<\/p>\n\n\n\n<p><strong>AULA DE APOYO A LA INTEGRACI\u00d3N<\/strong><\/p>\n\n\n\n<p>Formada por una maestra de Pedagog\u00eda Terap\u00e9utica, encargada de trabajar con alumnado con necesidades espec\u00edficas de apoyo educativo en aquellas \u00e1reas que lo requiera y desde la cual se empiezan a poner en marcha las distintas adaptaciones curriculares significativas en diversas \u00e1reas, as\u00ed como el trabajo de diversos programas espec\u00edficos, que pueden ser de diversos \u00e1mbitos:<\/p>\n\n\n\n<ul class=\"wp-block-list\"><li>Desarrollo psicomotor.<\/li><li>Desarrollo motor.<\/li><li>Desarrollo comunicativo-ling\u00fc\u00edstico.<\/li><li>Desarrollo cognitivo.<\/li><li>Desarrollo social y emocional.<\/li><li>Desarrollo de la autonom\u00eda personal.<\/li><\/ul>\n\n\n\n<p><img decoding=\"async\" width=\"366\" height=\"221\" alt=\"75\" src=\"https:\/\/lh3.googleusercontent.com\/GWXC050W794JVHdZZBp0zyeLUAKcC_a2h6SFu4YtnepbDHLCzN-yU-4Vy8ZBDIBjRSzXsFJPcVIMncbbydO8hNWr6NRB6XJ2VUD2VefJfQAtPN4cyqZHHBnGjV2KhyTAOhUAFYfA\"><\/p>\n\n\n\n<p><strong>AULA ESPEC\u00cdFICA DE EDUCACI\u00d3N ESPECIAL<\/strong><\/p>\n\n\n\n<p>El aula espec\u00edfica de educaci\u00f3n especial, donde alumnado con diferentes necesidades educativas especiales encuentran un entorno especializado para mejorar y desarrollarse cada d\u00eda de la manera m\u00e1s aut\u00f3noma posible. En el aula se encuentra matriculado el alumnado con diversidad funcional, cuenta con una maestra de pedagog\u00eda terap\u00e9utica y un profesional t\u00e9cnico de integraci\u00f3n social.&nbsp;<\/p>\n\n\n\n<p>Los distintos \u00e1mbitos que se trabajan son:<\/p>\n\n\n\n<ul class=\"wp-block-list\"><li>\u00c1mbito de conocimiento corporal y de construcci\u00f3n de la identidad.<\/li><li>\u00c1mbito de conocimiento y participaci\u00f3n en el medio f\u00edsico y social.<\/li><li>\u00c1mbito de comunicaci\u00f3n y lenguaje.<\/li><\/ul>\n\n\n\n<p><img loading=\"lazy\" decoding=\"async\" alt=\"75\" src=\"https:\/\/lh3.googleusercontent.com\/BmMgxgpC9h8dqKhLGOHpE7aMnLophYwxyG2BVQAKhXlHF15C_WrxWNpHrFYFXpJQRBia3cUqN0lMXc0xZN_5m7CJf8xzRi7ddfbZP-K9xyuwP_n8R7BeTbeo6XsIMu5v06O5l9Hb\" width=\"315\" height=\"236\"><img loading=\"lazy\" decoding=\"async\" alt=\"75\" src=\"https:\/\/lh3.googleusercontent.com\/e1IGubEY7mcWJ7-Pwm1sx4gwQhhGl6poxdr14PYZO5dxs5Be_YMiY0Z5Bji_ay_jz1Vln0y80MjwFt-P9YtbyGMfR-a9UVrBV6oV21w7r_iFWliawyac0Zm-NOPbgzMkrt5ttb9Y\" width=\"314\" height=\"235\"><\/p>\n","protected":false},"excerpt":{"rendered":"<p>La orientaci\u00f3n educativa es un puente entre el alumnado, el profesorado, las familias y la comunidad.El departamento de orientaci\u00f3n desarrolla una serie de actuaciones que contribuye a la personalizaci\u00f3n de la educaci\u00f3n, prestando especial atenci\u00f3n al alumnado con necesidades espec\u00edficas de apoyo educativo, para ofrecerles un desarrollo \u00f3ptimo de sus capacidades.Nuestro departamento: Contribuye a la [&hellip;]<\/p>\n","protected":false},"author":2,"featured_media":0,"parent":0,"menu_order":0,"comment_status":"closed","ping_status":"closed","template":"","meta":{"footnotes":""},"class_list":["post-366","page","type-page","status-publish","hentry"],"_links":{"self":[{"href":"https:\/\/iesjaroso.es\/index.php?rest_route=\/wp\/v2\/pages\/366","targetHints":{"allow":["GET"]}}],"collection":[{"href":"https:\/\/iesjaroso.es\/index.php?rest_route=\/wp\/v2\/pages"}],"about":[{"href":"https:\/\/iesjaroso.es\/index.php?rest_route=\/wp\/v2\/types\/page"}],"author":[{"embeddable":true,"href":"https:\/\/iesjaroso.es\/index.php?rest_route=\/wp\/v2\/users\/2"}],"replies":[{"embeddable":true,"href":"https:\/\/iesjaroso.es\/index.php?rest_route=%2Fwp%2Fv2%2Fcomments&post=366"}],"version-history":[{"count":11,"href":"https:\/\/iesjaroso.es\/index.php?rest_route=\/wp\/v2\/pages\/366\/revisions"}],"predecessor-version":[{"id":2839,"href":"https:\/\/iesjaroso.es\/index.php?rest_route=\/wp\/v2\/pages\/366\/revisions\/2839"}],"wp:attachment":[{"href":"https:\/\/iesjaroso.es\/index.php?rest_route=%2Fwp%2Fv2%2Fmedia&parent=366"}],"curies":[{"name":"wp","href":"https:\/\/api.w.org\/{rel}","templated":true}]}}